ppose k*l - d = 465, 6*d - 2*d = -4*l + 396. What is the greatest common factor of l and 235?
47
Let x(i) = 53*i**2 + 6*i + 3. Let j be x(-1). What is the greatest common divisor of 400 and j?
50
Let j(r) = -r**3 - 9*r**2 + 22. Let a be j(-9). Calculate the highest common divisor of a and 66.
22
Let q be (48/20)/((-2)/(-20)). Suppose 2*c - 17 = d, 12*c - 16*c + 37 = -5*d. What is the highest common divisor of c and q?
8
Suppose -3714 = -3*r + p, -2*p + 5*p = -r + 1248. What is the greatest common factor of r and 21?
21
Let l = -33 - -40. Calculate the greatest common divisor of l and 469.
7
Suppose -d + 4*b - 26 = -100, 4*b + 140 = 2*d. Suppose 5*i - 4*h - 42 = 0, -2*h = -4*h - 6. Calculate the highest common factor of d and i.
6
Suppose 60*q = 1564 + 2216. Calculate the greatest common factor of 84 and q.
21
Let s(m) = 6*m + 11. Let t be s(22). Suppose t + 32 = 7*f. What is the highest common divisor of f and 50?
25
Suppose 4*l - 699 + 43 = 0. Calculate the highest common factor of 12 and l.
4
Let g = 162 - 95. Let z = g - 31. What is the greatest common divisor of z and 4?
4
Let k(w) = w + 10. Let u be k(-7). Suppose -16 = -u*z + 44. Suppose 50*m - 164 - 86 = 0. What is the greatest common factor of m and z?
5
Suppose 4*t = 5*u + 85, -3*t = 2*u - 3*u - 72. Suppose 2*g + 31 = -167. Let p = g - -299. What is the highest common divisor of t and p?
25
Suppose 4*y - 220 = -4*z, 0 = y + 8*z - 5*z - 61. Suppose -k - 3*c = -45, 3*k - c - 180 = -k. Let q = k + -19. Calculate the highest common divisor of q and y.
26
Suppose 7*h - 1824 = -h. What is the highest common divisor of h and 72?
12
Suppose -z + 175 = 2*s, z = 3*s - 208 - 67. What is the highest common divisor of s and 240?
30
Let k = 51 - 40. Suppose -139 = -5*i - 3*h, -i + k = -5*h - 0*h. What is the highest common factor of 2 and i?
2
Let z = 23 + -24. Let t be 0/(z + 4) - -36. What is the highest common divisor of t and 4?
4
Suppose 3*w - 15 = -2*z, 6 = -4*z + 2*w - 4. Suppose z = -49*g + 47*g + 32. Calculate the highest common factor of 32 and g.
16
Suppose -43 = -4*j - c, -2*c + c = j - 7. Suppose -2*n - h - 4*h = -52, 3*n - 88 = -5*h. What is the greatest common divisor of n and j?
12
Let s(a) = -11*a + 358. Let h be s(23). Calculate the greatest common factor of h and 35.
35
Let w = 26 - 10. Let y = 106 - w. Calculate the greatest common divisor of y and 18.
18
Suppose -20*n + 406 + 3314 = 0. Calculate the greatest common factor of n and 248.
62
Let k be (0/2 - 3)*14/(-21). Let u = 11 + k. Calculate the highest common factor of 65 and u.
13
Let y = 66 - -6. Suppose -4*a - w + 1 = -24, -3 = -a + 3*w. Suppose a*b = b + 40. What is the highest common divisor of y and b?
8
Let l(o) be the first derivative of -o**3/3 - 3*o**2/2 + 62*o + 3. Let h be l(0). What is the highest common divisor of h and 93?
31
Let d(p) = -65*p + 923. Let y be d(-21). What is the highest common factor of 13 and y?
13
Let n be (-1)/((-4)/(-12)) - -5. Suppose n*k = -k - 126. Let l = 3 - k. What is the greatest common factor of 18 and l?
9
Let h be 16 - (-3)/(-1)*2. Calculate the greatest common divisor of 50 and h.
10
Suppose -7*b - 18 = 2*b. Let w be (b - 3)/(-15) - 107/(-3). Calculate the greatest common divisor of w and 18.
18
Let a be (-59385)/(-296) + 3/8. What is the highest common divisor of a and 1273?
67
Suppose 0 = 2*f - 2*o - 74, -o + 35 + 30 = 2*f. What is the greatest common divisor of 119 and f?
17
Let n be (4/(-6))/(1*(-9)/1566). What is the highest common factor of n and 754?
58
Suppose -5*m = 5*k - 10 - 330, -m + 92 = -5*k. Let a(d) = d**2 + d + 8. Let i = 1 - 1. Let s be a(i). What is the highest common divisor of s and m?
8
Let t = -1542 - -1558. Let g(d) = 113*d**3 - 2*d**2 + 1. Let q be g(1). Calculate the highest common divisor of t and q.
16
Suppose 20 = 4*q, 3*j - 5*q + 1 = 12. Let v(h) = 0*h - 3*h + 2*h - 4*h - 16. Let t be v(-8). What is the greatest common factor of t and j?
12
Suppose 0 = -3*b - 19 + 1. Let l = b + 9. Suppose r + 65 = l*r - 5*o, o + 65 = 3*r. What is the greatest common factor of r and 30?
10
Suppose 1170 - 135 = 3*j. Suppose -4*s + j = -5*i, -4*s + 250 = -s - 2*i. Calculate the highest common divisor of s and 200.
40
Let g be (-313)/(-7) - 4/(-14) - 3. Suppose g = 3*p - 3. Calculate the highest common factor of p and 75.
15
Let c(l) = -l**3 - 3*l**2 - l - 8. Let y be c(-4). Suppose 60 = -10*r + y*r. Suppose 4*m - 4 - 20 = 0. What is the highest common factor of m and r?
6
Suppose -2*u + u = -25. Let w = 53 - u. Calculate the highest common divisor of w and 28.
28
Let f(u) = u**2 - 6*u - 219. Let d be f(21). Calculate the highest common divisor of 288 and d.
96
Suppose -100 = -n - 4*l, 0*l - 207 = -2*n - l. Calculate the greatest common factor of 8 and n.
8
Let v be 57/11 - (-10)/(-55). Let w = -9 + v. Let h = 5 - w. What is the highest common factor of h and 45?
9
Let d = 2118 + -2082. Calculate the greatest common divisor of 14 and d.
2
Let u = 272 + -248. Calculate the greatest common divisor of 24 and u.
24
Suppose -28*q + 248 = -32*q. Let l = q + 80. Let u = 338 - 140. Calculate the greatest common divisor of u and l.
18
Suppose 131 = -32*u + 12195. What is the greatest common divisor of 87 and u?
29
Suppose -9*u = -43 - 83. What is the highest common divisor of u and 8?
2
Let n be 104/(-18) - 16/72. Let u(c) = -1. Let q(x) = -3*x + 7. Let r(o) = q(o) + 3*u(o). Let j be r(n). What is the greatest common divisor of j and 66?
22
Let k = -93 + 507. Calculate the greatest common factor of k and 18.
18
Let n(l) = l**3 - l**2 - l + 4. Let w be n(2). Suppose 3*r = u - w, r + 8 = -2*u + 41. Let g = u + 7. Calculate the highest common divisor of 11 and g.
11
Let o(d) = 2*d**2 - d + 297. Let u be o(0). What is the greatest common divisor of u and 33?
33
Suppose 11 = 2*u + 1. Suppose 3*v = 4*c - 2*v - 45, 0 = -c + u*v + 15. What is the greatest common divisor of 2 and c?
2
Suppose 0 = 118*b - 129*b + 16632. Calculate the greatest common divisor of b and 42.
42
Let b(h) = -2*h - 1. Let g be 2*(-4 + 10) + -3. Suppose -4*j + 5 = g. Let x be b(j). What is the greatest common divisor of x and 1?
1
Let m(u) = 3*u + 39. Let v be (-2)/(-1) + 3 + -12. Let w be m(v). What is the highest common divisor of w and 18?
18
Suppose 4*u = b - 530, -3*b + 988 = -3*u - 575. Calculate the greatest common factor of b and 148.
74
Let m(y) = -4*y - 33. Let u be m(-11). Suppose 4*f - 39 + u = 0. What is the greatest common divisor of 7 and f?
7
Suppose -f - 2*c + c = -46, 3*f - 134 = -5*c. Calculate the greatest common divisor of 528 and f.
48
Let c be 29/174 + (-2230)/(-12). What is the highest common factor of 62 and c?
62
Let u = -34 - -97. What is the greatest common divisor of u and 63?
63
Let v = -1656 + 2566. What is the highest common divisor of 140 and v?
70
Let y(v) = v**2 - 24*v + 113. Let z be y(25). Calculate the highest common factor of z and 15.
3
Let o(s) = 3*s + 6. Let z be o(10). Let l = -108 + 162. Calculate the highest common divisor of z and l.
18
Let v(a) = -2*a**2 - 2*a + 1. Let x be v(0). Let w be 1 + 3 - (-18 + 7/x). What is the highest common factor of w and 45?
15
Let f(z) = 82*z - 5. Let j(i) = -16*i + 1. Let q(l) = -6*f(l) - 33*j(l). Let w be q(2). Let x = 16 - -7. What is the highest common factor of w and x?
23
Let a = 60 - -16. Let r be (6/5)/(20/50). Suppose r*k + 3*z = 57, -3*z = -2*k + 2*z + 38. Calculate the greatest common divisor of k and a.
19
Suppose 0 = 8*l - 18*l + 120. Suppose -l = 3*j, 4*j = u + 3*u - 24. What is the greatest common divisor of 4 and u?
2
Suppose -76*r + 73*r + 90 = 0. What is the highest common factor of 54 and r?
6
Let p be (-14 - -11)*(-10)/6. Suppose p*s - 109 + 4 = 0. Let k = 48 - s. What is the greatest common factor of k and 18?
9
Let h(a) = a**3 + 8*a**2 + a + 16. Let g be 4/(2 + 6)*22. Let t = 3 - g. Let c be h(t). Calculate the greatest common factor of c and 2.
2
Suppose 0 = 2*l + 6, 7*z + 2*l - 5934 = 2*z. Calculate the greatest common divisor of z and 88.
44
Let v = -14 + -49. Let y = -56 - v. Calculate the greatest common divisor of y and 1.
1
Let u(p) = 2*p**2 + 4*p + 9. Let f be u(-9). Suppose -10*n + 7*n = -f. Calculate the greatest common divisor of n and 360.
45
Let x = -454 - -476. What is the highest common factor of